{"id":5893,"date":"2015-10-21T23:13:13","date_gmt":"2015-10-22T02:13:13","guid":{"rendered":"http:\/\/olivosgolf.com.ar\/site\/?page_id=5893"},"modified":"2015-10-21T23:13:13","modified_gmt":"2015-10-22T02:13:13","slug":"providencia-asociacion-civil","status":"publish","type":"page","link":"http:\/\/www.olivosgolf.com.ar\/site\/providencia-asociacion-civil\/","title":{"rendered":"Providencia Asociaci\u00f3n Civil"},"content":{"rendered":"Debe iniciar sesi\u00f3n para ver este contenido","protected":false},"excerpt":{"rendered":"Debe iniciar sesi\u00f3n para ver este contenido","protected":false},"author":9,"featured_media":0,"parent":0,"menu_order":0,"comment_status":"closed","ping_status":"closed","template":"page-full-width.php","meta":[],"_links":{"self":[{"href":"http:\/\/www.olivosgolf.com.ar\/site\/wp-json\/wp\/v2\/pages\/5893"}],"collection":[{"href":"http:\/\/www.olivosgolf.com.ar\/site\/wp-json\/wp\/v2\/pages"}],"about":[{"href":"http:\/\/www.olivosgolf.com.ar\/site\/wp-json\/wp\/v2\/types\/page"}],"author":[{"embeddable":true,"href":"http:\/\/www.olivosgolf.com.ar\/site\/wp-json\/wp\/v2\/users\/9"}],"replies":[{"embeddable":true,"href":"http:\/\/www.olivosgolf.com.ar\/site\/wp-json\/wp\/v2\/comments?post=5893"}],"version-history":[{"count":1,"href":"http:\/\/www.olivosgolf.com.ar\/site\/wp-json\/wp\/v2\/pages\/5893\/revisions"}],"predecessor-version":[{"id":6075,"href":"http:\/\/www.olivosgolf.com.ar\/site\/wp-json\/wp\/v2\/pages\/5893\/revisions\/6075"}],"wp:attachment":[{"href":"http:\/\/www.olivosgolf.com.ar\/site\/wp-json\/wp\/v2\/media?parent=5893"}],"curies":[{"name":"wp","href":"https:\/\/api.w.org\/{rel}","templated":true}]}}